t y be (26/6)/(5*5/75). Suppose 16*j - 754 = -y*j. What is the greatest common divisor of j and 117?
13
Let d(w) = -77*w - 4714. Let y be d(-86). Calculate the greatest common divisor of y and 1749.
159
Suppose 7*r + 8*r - 68913 = -42*r. Calculate the highest common factor of r and 465.
93
Suppose -4*r = 5*p - 71286, 5*r - 89089 = 16*p - 13*p. What is the greatest common factor of 346 and r?
173
Let x be ((-2)/(-5))/((-148)/(-73260)). Calculate the highest common divisor of 110 and x.
22
Suppose -50*j + 96 + 2004 = 0. What is the highest common divisor of j and 654?
6
Let l = -141 + 201. Suppose 0 = -v - 33703 + 12178. Let q be v/(-1425) - (4/19)/2. What is the greatest common divisor of l and q?
15
Suppose -35458 + 204848 + 119510 = 180*g. What is the highest common divisor of 15 and g?
15
Let h(r) = -19 - 17 - 3*r - 9 - 4*r. Let w be h(-9). What is the greatest common factor of w and 18?
18
Let z(w) be the second derivative of w**3/2 + 45*w**2 + 98*w. Let s be z(-13). What is the highest common factor of s and 85?
17
Let c be (-44*(-1)/2 - -2)/(11/1188). Calculate the highest common divisor of 192 and c.
96
Let d = -7770 - -7807. What is the highest common factor of d and 2627?
37
Let l(q) = 667*q - 291. Let f be l(1). Calculate the greatest common divisor of 470 and f.
94
Suppose 172*t + 108*t = -91*t + 1317050. Calculate the greatest common divisor of t and 1846.
142
Let k(o) = o**2 - 2*o + 27. Let r be k(-10). Suppose r*f - 156*f = -72. What is the greatest common divisor of f and 148?
4
Let k = 3986 + -2565. Calculate the highest common divisor of 14 and k.
7
Let k be (2/4)/((-18)/(-12)) - (-90953)/57. What is the highest common divisor of k and 238?
14
Suppose 5975*t - 6023*t = -209952. What is the greatest common divisor of t and 12?
6
Suppose 0 = -2*t - t + 132. Let v = t + -38. Suppose -v*k = -10*k + 120. Calculate the greatest common divisor of 12 and k.
6
Suppose 2*t - 2*f = 4*t - 22, 4*t - 34 = f. Suppose 0 = t*j + 8*j - 2601. Calculate the greatest common factor of j and 34.
17
Let j(r) = -3*r**2 + 155*r + 453. Let v be j(54). Calculate the greatest common divisor of 2575 and v.
25
Let z be 36/126 + 794/14. Suppose -4*f + 921 = 3*m, 8*m - 936 = -17*f + 13*f. Calculate the greatest common divisor of f and z.
57
Suppose -5*o = 50*f - 45*f - 2155, -5*o + 2143 = 3*f. What is the greatest common divisor of o and 1615?
85
Let k(p) = 3*p**3 - 4*p**2 - 32*p + 29. Let d be k(5). What is the greatest common divisor of 200 and d?
8
Suppose -14*k - 57*k + 12*k = -426924. Calculate the greatest common divisor of 6 and k.
6
Let y(v) = -24*v**3 - 10*v**2 + 10*v + 52. Let z be y(-5). Calculate the highest common factor of 258 and z.
86
Let t(c) = 40*c + 5. Let p be t(4). Let a be (-4)/(10/(-12)*(-2)/(-110)). Suppose 0 = -35*w + 31*w + a. What is the highest common divisor of w and p?
33
Suppose 0 = -101*b + 91*b - 550. Let u = b - -69. Calculate the greatest common factor of 6 and u.
2
Let b = 36 - 33. Suppose 60*v - b = 57*v. Let n be (-2408)/(-20) - v/((-5)/(-2)). What is the greatest common divisor of 24 and n?
24
Let x = 304 - 222. Let l be (-82 - 0)*(-97)/194. What is the greatest common factor of l and x?
41
Let x = 265 + -271. Let d be (-7 - (-61 + 0))*(-2)/x. What is the highest common divisor of 15 and d?
3
Suppose -v - 52 = -137. Let g be ((-5)/(-5))/(2/6). Suppose -2*s = g*u - 106, -4*s = -2*u + 80 - 20. Calculate the highest common divisor of u and v.
17
Let t(z) = -12*z - 228. Let b be t(-30). Let r(c) = 100*c**2 - 1. Let n be r(1). Calculate the highest common factor of b and n.
33
Suppose -50 = -5*f - 5. Let j(x) = 7*x + 1. Let y be j(9). Suppose -y = -6*h - 10. Calculate the greatest common factor of f and h.
9
Let j(s) = 38*s + 2814. Let m be j(-73). Calculate the highest common factor of m and 24.
8
Let g = 64 - -98. Let q = g - 159. What is the highest common factor of q and 4?
1
Let q be 5*2/(-5)*(-137)/(-2). Let a = 269 + q. Calculate the highest common factor of 99 and a.
33
Let t(z) = -z**3 - 15*z**2 - 4*z + 4. Let l be t(-15). Let x be (-49200)/(-220) + (-32)/(-88). What is the highest common factor of l and x?
32
Suppose 2*y = -2*y - 8. Let i be 9*y/(-1) + -3. Let t(s) = 4*s**2 + 64*s + 312. Let g be t(-12). Calculate the greatest common factor of i and g.
15
Let d(y) = y**3 + 26*y**2 + 49*y - 33. Suppose 0 = s - 5*f + 12, -13*s + 18*s + f + 112 = 0. Let n be d(s). Calculate the highest common divisor of 75 and n.
75
Let s = -60 - -63. Let o be 12*(s/27)/((-2)/(-6)). Let l be (-1)/(-3) - (8/(-3))/o. What is the highest common divisor of l and 11?
1
Let h be ((-492)/(-30))/(8 + 1062/(-135)). Calculate the greatest common factor of h and 9.
3
Let a = -3 - -5. Let x(l) = -134*l - 537. Let y be x(-4). Let w be (-21)/6*a*y*8. What is the highest common divisor of 56 and w?
56
Let a(t) = -103*t + 1827. Let y be a(17). Calculate the highest common factor of 1634 and y.
38
Suppose 65*f = 63*f + 4*t + 656, 3*f = -3*t + 1038. What is the greatest common factor of f and 68?
68
Suppose 16*z - 763 = 3189. Let f be (0 + 1)/((-9)/(-171)). Calculate the greatest common divisor of z and f.
19
Suppose h - 4*a - 71 = 0, 2*a = -3*h - 2*h + 289. Suppose i = 5*l + 7 + 38, i - 3*l = 49. Let u = h - i. Calculate the highest common divisor of u and 36.
4
Suppose 7*l - 280 = 2*l + 5*o, 0 = -l - 2*o + 50. Suppose 3*s - l + 9 = 0. What is the highest common divisor of s and 30?
15
Let q(m) = -2*m**2 + 3*m + 9*m**2 - 10*m - 6*m**2 - 3*m + 25. Let b be q(7). What is the highest common factor of 268 and b?
4
Let h be 12/(-54) + (-832)/(-18). Let k = -26 + h. Suppose -4*b + c = -16 - 19, -2*b - 5*c = -45. Calculate the highest common divisor of b and k.
10
Let s = -2973 + 3117. Calculate the highest common divisor of 1176 and s.
24
Let g be (693/6)/(-11)*(-16)/(-6). Let l = -26 - g. Let z be ((-143)/26)/((l - 3)/2). Calculate the greatest common divisor of 1 and z.
1
Let y be 12/3*(40/16 + -2). Suppose 3*h = y*n - 4*n + 70, 5*h = -4*n + 136. Let g be (-232)/6*(-4 + 1). Calculate the greatest common factor of n and g.
29
Suppose -2*a + 116 = -4*z, -4*z - 4*a = -a + 116. Let t = z + 130. Suppose 0*k - 5 = k, 3*k - t = -4*u. Calculate the greatest common divisor of 116 and u.
29
Let l(k) = k**3 + 10*k**2 - 30*k - 59. Let w be l(-12). What is the greatest common divisor of 12012 and w?
13
Suppose o - 5*o = -o. Suppose y - 356 = -4*z, o = 2*z - z + y - 86. Calculate the highest common divisor of z and 255.
15
Suppose -280*g - 8 = -281*g - 4*w, 4*g - 60 = -2*w. Calculate the greatest common factor of g and 32.
16
Let h(k) = -k**2 + 2*k + 197. Let m be h(0). Let j be (189/12)/(12/32). Let q = m - j. Calculate the greatest common factor of 31 and q.
31
Suppose -c = -28*c. Suppose 15*n - 6*n - 378 = c. What is the highest common factor of n and 96?
6
Suppose 50*d = 53*d + 3*j - 411, -2*j = -10. Calculate the highest common factor of 186 and d.
6
Let t be 2/24 - 53900/(-1200). Let z = 175 + -150. What is the highest common factor of t and z?
5
Let z(h) = -h**2 + 3*h. Suppose 4 = 2*d, 2*k + 0*d = -d + 8. Let l be z(k). Suppose 3*w - 7*w + 36 = l. What is the highest common factor of 27 and w?
9
Suppose -4104 = -10*p - 394. Let t = 2964 + -2957. What is the greatest common factor of p and t?
7
Suppose -4*a - 7*a = -55. Suppose a*l - 7 = 63. Let i = 15 - -6. Calculate the highest common factor of i and l.
7
Suppose 124 = 5*r + 99. Suppose 48 + 45 = r*j + 3*c, -5*j = -c - 89. Calculate the highest common divisor of 342 and j.
18
Let d(x) = 25*x + 85. Let h be d(-3). Calculate the greatest common divisor of 4740 and h.
10
Let o(j) = 12*j + 35. Let v(b) = -6*b + 199. Let m be v(33). Let p be o(m). What is the highest common divisor of 423 and p?
47
Suppose -8 = -0*g + 2*g. Let m be g/(-6)*(82 - (8 - 1)). What is the greatest common factor of m and 10?
10
Let u be 435/180 - (-2)/8 - (-854)/42. What is the greatest common factor of u and 12397?
23
Let q = 33850 + -33549. What is the highest common divisor of q and 273?
7
Suppose 3*n = 7*n - 4*z - 356, n - 4*z = 77. What is the greatest common factor of 2852 and n?
31
Let i be (6 + 306/(-24))/(17/(-68)). Calculate the greatest common factor of i and 1107.
27
Let w be (3/9)/((-7)/(-378)). Suppose 32*s + w = 38*s. Wha